be k(0). What are the prime factors of b(m)?
7
Suppose -3*h + 2 = 26. Let a(z) = -z - 2. What are the prime factors of a(h)?
2, 3
Suppose 2*s = -4*i + 18, i = 2*i + 5*s + 18. Let y be (-1)/(-4) - i/(-4). Suppose 4*x + y*c - 50 = 0, 2*x = -3*x + c + 59. List the prime factors of x.
2, 3
Let a(i) = 6*i**2 - i. What are the prime factors of a(-2)?
2, 13
Let s(z) = 50*z**2 - 2*z - 1. Let l be s(-1). Suppose -12*i = -13*i + l. What are the prime factors of i?
3, 17
Let p(y) = y**2 - 12*y + 9. Let b = -9 + 22. What are the prime factors of p(b)?
2, 11
List the prime factors of (1 + 8/(-6))/(3/(-963)).
107
Let r(t) = 2*t**2 - t. Let n(y) = y**2 + 2. Let o be n(0). Let z be r(o). Suppose -5*u + z = -9. List the prime factors of u.
3
Let b = -91 - -231. What are the prime factors of b?
2, 5, 7
List the prime factors of (-23)/((-184)/1008)*(-2)/(-3).
2, 3, 7
Suppose 3*m + 7*f - 247 = 2*f, -5*f = 20. What are the prime factors of m?
89
Suppose -4*w = -20, -2*i + 106 = -5*i - 4*w. Let a = -27 - i. What are the prime factors of a?
3, 5
Let n(u) be the third derivative of u**5/30 + 3*u**4/8 - 3*u**3/2 - 4*u**2. List the prime factors of n(-7).
2, 13
Suppose 0 = 5*j - 4*x - 21 - 16, -12 = 4*x. Suppose -55 = -j*c + 5*p, 2*p + 5 = 7*p. Suppose 3*s = 4*r - 13, 0*r - c = -r - s. List the prime factors of r.
7
List the prime factors of 0 + 1118/7 - (-12)/42.
2, 5
Suppose -6*u + 5*u + 56 = 0. What are the prime factors of u?
2, 7
Suppose 0 = -4*k - 12, -b - 2*k + 3 = 38. Let i = -12 - b. List the prime factors of i.
17
Let f = -6 - -12. Suppose -f*d + 60 = -d. List the prime factors of d.
2, 3
Let v(i) = 2*i**2 + 2*i - 2. Let t be v(-2). What are the prime factors of t/2 - 3 - -36?
2, 17
Let q be (21/14)/(3/8). Suppose 5*y = k + 64, 0 = -2*y + q*k - 6 + 28. List the prime factors of y.
13
Let p = 9 + -1. What are the prime factors of p?
2
Suppose 0 = -4*p - 16, -4*d + 5*p = -3*d - 41. What are the prime factors of d?
3, 7
Suppose 3*t - 11 = 1. Suppose -5*k - 3*w = -t, 3*w = -2*k - w + 10. List the prime factors of k/(-2) + 18/12.
2
Let h(o) = o + 7. Let y(a) = -1. Let b(s) = -h(s) - 6*y(s). Let c(k) = 6*k. Let w(r) = 2*b(r) + c(r). List the prime factors of w(3).
2, 5
Let x(a) = a**3 + a**2 + a + 3. Suppose t = 4*t + 3*q - 9, 4*t + 6 = 2*q. Let y be x(t). Suppose 33 = 3*l - y. List the prime factors of l.
2, 3
Let z(f) = f**2 + f - 44. What are the prime factors of z(-13)?
2, 7
List the prime factors of (1 - 0)*(-2 - -26).
2, 3
Let n be (2 - 1)*5/1. Suppose 0 = -2*o + 4*i - 4, -3*o - n*i + 6 = -5*o. Suppose 2*h = p - 3 + 4, 0 = 2*h - o*p + 2. List the prime factors of h.
2
Let b be 1/2*(-11 + 17). Suppose -89 + 32 = -b*l. List the prime factors of l.
19
Suppose -q + 3*c = -c + 7, 5*q + 4*c - 37 = 0. Let z(s) = -2 + 3*s - 4*s**2 - q*s + 5*s**2. List the prime factors of z(5).
13
Let l = 157 - 55. Suppose -3*v + v - l = 0. What are the prime factors of v/(-6) + (-2)/(-4)?
3
Suppose k = -14 + 1. Let s = k - -25. What are the prime factors of s?
2, 3
Suppose 338 = 2*u - 3*w - 0, 803 = 5*u + 3*w. What are the prime factors of u?
163
Let v(w) = w - 8. Let g be v(6). Let s = g + 17. What are the prime factors of s?
3, 5
Suppose -q - 2*q = -3*z, 16 = 4*q. Suppose 2*w = z*w - 82. What are the prime factors of w?
41
Let g be 5 - 0*(-3)/(-9). Suppose -g*h = -0*h - 25. Suppose 2*y + 5 = -3*i, -i = -h*y - 5*i + 5. What are the prime factors of y?
5
List the prime factors of 12*(-8 - -4)/(-4).
2, 3
Suppose 0 = -3*k + 85 + 338. List the prime factors of k.
3, 47
Let i = -12 + 64. What are the prime factors of i?
2, 13
Let q = 137 + -69. Suppose 0 = -5*j + 268 - q. What are the prime factors of j?
2, 5
Suppose -18 = c - 3*c. Suppose -3*a + 6 = -c. What are the prime factors of a?
5
Suppose 4*n = -2*k + 64 + 134, -4*k + 252 = 5*n. List the prime factors of n.
2, 3
Suppose -62 = -5*a - 2*z, 2*a + 2*z = -2 + 28. Let s(b) = 2*b - 1. Let o be s(2). Suppose -o*l = l - a. List the prime factors of l.
3
What are the prime factors of 1 + 4/2 + 3?
2, 3
Let k = 108 + -44. What are the prime factors of k?
2
Let i(f) = f**3 - 3*f**2 + 3*f. Let s be i(2). Suppose -3*r + 2*b = -2*b - 73, -5*r = -s*b - 103. List the prime factors of r.
19
What are the prime factors of 88/20 + 8/(-20)?
2
Let f = 1 + 0. Suppose 4*n - f = 2*r + 9, -4*n = -3*r - 7. Suppose r*t + 2 = 32. List the prime factors of t.
2, 5
Let y = 6 + -8. List the prime factors of ((-26)/(2/2))/y.
13
Let u = -11 + 7. Let r be (-20)/(-15) + u/(-6). Suppose -3*c = 5*f - 0*f - 76, 2*c = -r*f + 32. What are the prime factors of f?
2, 7
Suppose -3*m - 19 + 1 = 0. Let o be 46/6 - (-4)/m. Suppose 4*i = 8, -5*d + 6*d - 2*i = o. What are the prime factors of d?
11
Let t = 2 - -8. Suppose 5*y - 2*m = 10, 2*m + 0 = t. List the prime factors of y.
2
Let l = 21 - 11. Suppose 0 = -2*n - 4*g - 22, 2*n = 7*g - 2*g + 5. Let i = n + l. List the prime factors of i.
5
Let l(a) = a**3 + 11*a**2 - a - 11. Let s be l(-11). Suppose -c + 15 = -s*c. List the prime factors of c.
3, 5
Let x(r) = -19*r - 12. List the prime factors of x(-4).
2
Let m(s) be the first derivative of -5*s**2/2 - 5*s + 1. Let v(z) = -4*z**2 - z + 1. Let l be v(1). What are the prime factors of m(l)?
3, 5
Suppose -7*j = -4*j - 210. List the prime factors of j.
2, 5, 7
Let c be (3 + (-22)/2)*-1. Suppose 0 = 2*b - b - c. What are the prime factors of b?
2
Let u(q) = -4*q + 5. Let n be u(-3). Let t = -7 + n. List the prime factors of t.
2, 5
Let g(h) = -2*h + h + 8*h - 5 - h**2. Let u be g(6). What are the prime factors of 7 - (-2 + u - -2)?
2, 3
Suppose 37 + 83 = -2*f. List the prime factors of f/(-35)*(1 - -6).
2, 3
Suppose 0 = h + 5 + 4. What are the prime factors of 2*(-1)/(-2) - h?
2, 5
Let c(v) = -12*v - 7. Let h be c(-6). Suppose 5*q - 12 = y + 23, 0 = 5*q + 5*y - h. What are the prime factors of q?
2
Let i = -1 + 3. Suppose i*g - 4*u = 40, g = -g - 2*u + 28. List the prime factors of g.
2
Let k(n) = n**3 + 2*n**2 - 4*n + 1. What are the prime factors of k(3)?
2, 17
List the prime factors of 8/((-54)/58 - -1).
2, 29
Let k(q) = 8*q + 10. What are the prime factors of k(2)?
2, 13
Let l = -276 + 451. What are the prime factors of l?
5, 7
Suppose -2*h - 563 = -3*a, 0 = h - 0*h - 2. What are the prime factors of a?
3, 7
Let g = -27 - -16. Suppose 3*r = -2*x - 69, -3*r - 24 = -x + 45. Let i = g - r. What are the prime factors of i?
2, 3
Suppose -6 = -3*r - 78. Let w = r + 55. What are the prime factors of w?
31
Suppose 53 = 5*q + 4*z, 0 = 5*q - 4*z + 2*z - 71. What are the prime factors of q?
13
Suppose -211 = -3*d + 29. List the prime factors of d.
2, 5
Let g = -9 + 7. Let a be -7 - (3 + 0) - g. Let z = a + 13. List the prime factors of z.
5
What are the prime factors of -1 + (-4 + 32 - -1)?
2, 7
Let w = 44 - 13. Suppose -2*h + w = -11. What are the prime factors of h?
3, 7
Let f(m) = m + 1. Let x be f(1). Suppose 0*b = -x*b - 2. Let h = 7 - b. List the prime factors of h.
2
Suppose 381 = 5*p + 46. What are the prime factors of p?
67
Suppose -3*c = -8*c + 10. Let g be (3/6)/(c/220). Suppose -o = 2*o, 4*o + g = 5*y. List the prime factors of y.
11
Let b be 28/5 - (-6)/15. Suppose b = 5*w - 4. Suppose -w*l = -2*t - 14, 3*l - 10 - 16 = 2*t. What are the prime factors of l?
2, 3
Let l(b) be the third derivative of -b**4/3 + b**2. What are the prime factors of l(-1)?
2
Let t = -12 + 12. Suppose y + 2*i = 7*i + 39, t = 2*y + 2*i - 18. What are the prime factors of y?
2, 7
Let g be -6 - -8 - (0 + 12). Let j = g - -30. What are the prime factors of j?
2, 5
Let f = 41 - 39. List the prime factors of f.
2
Suppose 3*j + 19 = -5*m, 4*j - 3*m - 41 = -18. Suppose j = 5*z - 8. What are the prime factors of z?
2
Let x = -218 + 307. What are the prime factors of x?
89
List the prime factors of (-12)/10*15/(-2).
3
Suppose 4*b = 2*b + 5*z - 14, -3*z = 12. Let f = -10 - b. List the prime factors of f.
7
Let o(f) = 74*f + 2. Let t be o(2). Suppose 7*x - 2*x = t. What are the prime factors of (14/4)/7*x?
3, 5
Let c(g) = g**2 + 3*g + 4. Let x be c(-3). Let m = -6 - -39. What are the prime factors of 357/m + x/22?
11
Let u(q) = q + 3. Let d(s) = 1. Let r(t) = -5*d(t) + u(t). Let g be r(7). Suppose -5*c + 2*p = -c - 44, 3*p + 56 = g*c. What are the prime factors of c?
2, 5
Let k be ((0 - 3)/3)/(-1). Let h = k